{"id":2,"date":"2021-03-25T11:53:17","date_gmt":"2021-03-25T10:53:17","guid":{"rendered":"https:\/\/www.stefan-craemer.com\/de\/?page_id=2"},"modified":"2023-04-03T12:39:56","modified_gmt":"2023-04-03T09:39:56","slug":"beispiel-seite","status":"publish","type":"page","link":"https:\/\/www.stefan-craemer.com\/de\/","title":{"rendered":"\u00dcber mich"},"content":{"rendered":"\n<p>Fotograf mit Leib und Seele seit 1991 und nautischer Offizier seit 2020. Eigentlich aus Deutschland, jetzt in Finnland.<\/p>\n\n\n\n<p>Am Anfang meiner Karriere habe ich haupts\u00e4chlich f\u00fcr die lokale Presse gearbeitet. Sp\u00e4ter in Belgien kamen Magazine hinzu und hier in Finnland mache ich Agenturarbeit und habe mich auf Dokumentationen von Events und Immobilienfotografie spezialisiert.<\/p>\n\n\n\n<p>M\u00f6chten Sie ein Appartment vermieten oder verkaufen? Ich liefere Ihnen das Bildmaterial, das Ihre Kunden dazu bringt, sich die Wohnung anschauen zu wollen. Videos und virtuelle 3D-Touren z\u00e4hlen ebenso zu meinem Repertoir, wie virtuelles Staging. <\/p>\n\n\n\n<p>Wenn ich Ihr Interesse wecken konnte, kontaktieren Sie mich einfach \u00fcber das <a href=\"https:\/\/www.stefan-craemer.com\/de\/kontakt\/\" data-type=\"URL\" data-id=\"https:\/\/www.stefan-craemer.com\/de\/kontakt\/\">Kontaktformular<\/a> oder schauen Sie sich hier um, was ich f\u00fcr Sie tun k\u00f6nnte.<\/p>\n\n\n\n<p>Und falls Sie sich f\u00fcr meine k\u00fcnstlerische Karriere interessieren, k\u00f6nnen Sie <a href=\"http:\/\/www.waldemarstoffel.com\/de\/\" target=\"_blank\" rel=\"noreferrer noopener\">hier<\/a> schauen.<\/p>\n","protected":false},"excerpt":{"rendered":"<p>Fotograf mit Leib und Seele seit 1991 und nautischer Offizier seit 2020. Eigentlich aus Deutschland, jetzt in Finnland. Am Anfang meiner Karriere habe ich haupts\u00e4chlich f\u00fcr die lokale Presse gearbeitet.<\/p>\n<p class=\"more-link\"><a href=\"https:\/\/www.stefan-craemer.com\/de\/\" class=\"readmore\">Continue reading<svg class=\"icon icon-arrow-right\" aria-hidden=\"true\" role=\"img\"> <use href=\"#icon-arrow-right\" xlink:href=\"#icon-arrow-right\"><\/use> <\/svg><span class=\"screen-reader-text\">\u00dcber mich<\/span><\/a><\/p>\n","protected":false},"author":8966,"featured_media":0,"parent":0,"menu_order":0,"comment_status":"closed","ping_status":"open","template":"","meta":{"wprm-recipe-roundup-name":"","wprm-recipe-roundup-description":"","_coblocks_attr":"","_coblocks_dimensions":"","_coblocks_responsive_height":"","_coblocks_accordion_ie_support":"","footnotes":""},"class_list":["post-2","page","type-page","status-publish","hentry"],"_links":{"self":[{"href":"https:\/\/www.stefan-craemer.com\/de\/wp-json\/wp\/v2\/pages\/2","targetHints":{"allow":["GET"]}}],"collection":[{"href":"https:\/\/www.stefan-craemer.com\/de\/wp-json\/wp\/v2\/pages"}],"about":[{"href":"https:\/\/www.stefan-craemer.com\/de\/wp-json\/wp\/v2\/types\/page"}],"author":[{"embeddable":true,"href":"https:\/\/www.stefan-craemer.com\/de\/wp-json\/wp\/v2\/users\/8966"}],"replies":[{"embeddable":true,"href":"https:\/\/www.stefan-craemer.com\/de\/wp-json\/wp\/v2\/comments?post=2"}],"version-history":[{"count":3,"href":"https:\/\/www.stefan-craemer.com\/de\/wp-json\/wp\/v2\/pages\/2\/revisions"}],"predecessor-version":[{"id":49,"href":"https:\/\/www.stefan-craemer.com\/de\/wp-json\/wp\/v2\/pages\/2\/revisions\/49"}],"wp:attachment":[{"href":"https:\/\/www.stefan-craemer.com\/de\/wp-json\/wp\/v2\/media?parent=2"}],"curies":[{"name":"wp","href":"https:\/\/api.w.org\/{rel}","templated":true}]}}

Über mich

<p>Fotograf mit Leib und Seele seit 1991 und nautischer Offizier seit 2020. Eigentlich aus Deutschland, jetzt in Finnland.</p>



<p>Am Anfang meiner Karriere habe ich hauptsächlich für die lokale Presse gearbeitet. Später in Belgien kamen Magazine hinzu und hier in Finnland mache ich Agenturarbeit und habe mich auf Dokumentationen von Events und Immobilienfotografie spezialisiert.</p>



<p>Möchten Sie ein Appartment vermieten oder verkaufen? Ich liefere Ihnen das Bildmaterial, das Ihre Kunden dazu bringt, sich die Wohnung anschauen zu wollen. Videos und virtuelle 3D-Touren zählen ebenso zu meinem Repertoir, wie virtuelles Staging. </p>



<p>Wenn ich Ihr Interesse wecken konnte, kontaktieren Sie mich einfach über das <a href="https://www.stefan-craemer.com/de/kontakt/" data-type="URL" data-id="https://www.stefan-craemer.com/de/kontakt/">Kontaktformular</a> oder schauen Sie sich hier um, was ich für Sie tun könnte.</p>



<p>Und falls Sie sich für meine künstlerische Karriere interessieren, können Sie <a href="http://www.waldemarstoffel.com/de/" target="_blank" rel="noreferrer noopener">hier</a> schauen.</p>

<p>Fotograf mit Leib und Seele seit 1991 und nautischer Offizier seit 2020. Eigentlich aus Deutschland, jetzt in Finnland. Am Anfang meiner Karriere habe ich hauptsächlich für die lokale Presse gearbeitet.</p>
<p class="more-link"><a href="https://www.stefan-craemer.com/de/" class="readmore">Continue reading<svg class="icon icon-arrow-right" aria-hidden="true" role="img"> <use href="#icon-arrow-right" xlink:href="#icon-arrow-right"></use> </svg><span class="screen-reader-text">Über mich</span></a></p>
